)/6). Suppose 923 = k + t*f, -2*f = 3*k - 3654 + 899. What is the tens digit of k?
1
Let k(l) = -l**3 - 4*l**2 - 8*l + 53. Let o be k(10). Let g = o + 2073. What is the hundreds digit of g?
6
Let s(q) = -669*q + 2090. What is the units digit of s(-11)?
9
Let s be -208*(-3)/45 - (-6)/45. Suppose s*z - 3*z + 286 = 0. What is the tens digit of (29 + z)*((-13)/(-3) + -1)?
1
Let i(w) = 28*w + 271. Let p be ((-14)/(-2))/(57 + -56). What is the units digit of i(p)?
7
Let x(f) = -f**3 - 6*f**2 + f + 5. Let j be 72/10*(-10)/(-3). Suppose 4*r = 2*b + 3*r + 16, 5*r - j = 2*b. What is the units digit of x(b)?
7
Let s(a) = 316*a**2 - 67*a + 890. What is the thousands digit of s(10)?
1
Suppose -2*u - 2*o + 14 = 0, -u - 14 = -3*u + 5*o. Suppose -2*x - u = -17. Suppose 3*z = 5*f - 13, 3*z - x*f + 9 = -z. What is the units digit of z?
4
Suppose 3*j = -4*b + 48386, 39*b - 40*b = 3*j - 12110. What is the thousands digit of b?
2
Let m(q) = -2 + 100*q**2 + 6*q + 19*q**3 - 105*q**2 + 0. What is the tens digit of m(2)?
4
Let z(f) = -f**2 - 28*f - 20. Suppose -6*y = -2*y + 36. What is the hundreds digit of z(y)?
1
Let x(c) = c**3 + 3*c**2 - 10*c + 28. Let m be ((-90)/27)/(-4 + 33/9). What is the hundreds digit of x(m)?
2
Suppose -24 = -x + 3*s, -x + s = -39 + 15. Suppose 11337 = x*z - 6159. What is the units digit of z?
9
Suppose -5*u - 2*w = -53663, -54*w + 57*w - 12 = 0. Suppose 206*g = 199*g + u. What is the thousands digit of g?
1
What is the tens digit of 476/(52/78 - 3/((-198)/(-38)))?
3
Let b be 956*(-3)/(-12) + -7. What is the hundreds digit of (-43)/(-2)*(0 + b/4)?
2
Let y(c) = c**3 + 23*c**2. Let i be y(-23). Suppose -3*m + 5 = 4*z, -6 - 7 = 4*z - 3*m. What is the units digit of (1 - z) + i + 39?
1
Suppose 4*j = -4*z + 16920, 4*z + 437 = 433. What is the units digit of j?
1
Let l be (948/(-1))/(8 + (-1310)/165). What is the hundreds digit of l/(-54) - (-1)/3?
2
Suppose 2*r - 3*r + 728 = z, -1453 = -2*z - 5*r. Let p = 1187 - z. What is the hundreds digit of p?
4
Let l(k) be the second derivative of 3*k**5/10 + 4*k**4/3 + k**3 - 13*k**2/2 + 91*k. What is the tens digit of l(4)?
5
Let c be (-12)/((-1)/((-42)/(-9))). Let q = c - 51. Suppose i + q - 96 = -o, -5*i + 425 = -o. What is the units digit of i?
6
Let y(j) = -6*j**3 + 20*j**2 - 14*j - 514. What is the thousands digit of y(-19)?
8
Suppose -3*f - 4*d = -2*d + 14, 0 = 2*f - 3*d - 8. Let k be (-120)/(-70) - f/7. Suppose 3*m - 34 = k*m - 5*o, -5*m = -5*o - 230. What is the units digit of m?
4
Let g be (-1)/(-3*2/12). Let r(f) = 83*f**3 - 3*f**2 + 4*f - 1. What is the hundreds digit of r(g)?
6
Suppose 19*b + 193952 = 51*b. What is the thousands digit of b?
6
Let q be (-4)/(0 - 2) + 0. Let k(n) = -488*n + 1954. Let m be k(4). Suppose -5*h + 363 = m*l, -26 - 329 = -q*l + 3*h. What is the units digit of l?
9
Let f(p) = 18*p**2 + 4*p - 2*p**3 + 7*p + 7 + p**3 - 3*p - 3*p. What is the hundreds digit of f(17)?
3
Let w(u) = 2*u**3 + 17*u**2 - 5*u - 25. Let r be w(-8). Let p = -47 + r. What is the units digit of p?
2
What is the thousands digit of (10 - (-1439363)/69) + (-8)/6?
0
Let l(t) = -t**2 + 466*t - 675. What is the thousands digit of l(125)?
1
Suppose 69 = 3*a + 63. Suppose p = -5*l + 2054, -5*p - 808 = -2*l - a*p. What is the tens digit of l?
1
Suppose -19*u + 154479 + 260367 = 0. What is the units digit of u?
4
Let k = 24 - 249. Let h = 307 - k. Suppose 39*u + h = 43*u. What is the hundreds digit of u?
1
Suppose 30*x - 27*x = -660. Let v = -38 - x. What is the hundreds digit of v?
1
Let w = 36 - 33. Suppose -5*o - 556 = 5*c - 8*c, -w*o = -4*c + 756. What is the units digit of c?
2
Suppose 6*t = -q + 10*t - 1, -q - 5*t - 1 = 0. What is the units digit of (6 - (5 + q)) + 1160/1?
2
Let s = 48 - 47. Let v be s*(2 - -1) + -17 + 15. What is the units digit of 3/(2 + v)*69?
9
What is the ten thousands digit of ((-2642475)/18)/(-5) - (-1595)/(-1914)?
2
Let c(y) = 20*y - 54. Let h(g) = 19*g - 55. Let r(n) = 4*c(n) - 3*h(n). What is the tens digit of r(19)?
8
Let x = 1894 - -152. Let b = 2881 - x. What is the units digit of b?
5
Let t be (16/20)/(0 - (-2)/5). Suppose t*f + 3*q = -f + 885, -q = -4*f + 1160. What is the units digit of f?
1
Suppose -3*x + 4*s + 15776 = -s, x - 5268 = 4*s. Suppose 0 = -452*l + 456*l - x. What is the thousands digit of l?
1
Let y(l) = 4*l + 6. Suppose -150 = 3*m - 6*m. Suppose 6*v - m - 22 = 0. What is the tens digit of y(v)?
5
Let z(k) = -34*k + 4. Let x be (-4)/(-22) - 1110/(-66). Let u = x - 19. What is the tens digit of z(u)?
7
Let z = 11148 - 9305. What is the hundreds digit of z?
8
Suppose 2*v = -6*v - 0*v. Suppose 5*j - 250 + 5 = v. What is the tens digit of j?
4
Suppose -28 = -2*k - 0*k. Let n be 1813/k + 6/(-4). Let a = n + -54. What is the units digit of a?
4
Let x(g) = -402*g - 2302. What is the units digit of x(-24)?
6
Let h(w) = -3*w**2 + 637*w + 37. What is the thousands digit of h(129)?
2
Suppose 22*v - 146 + 36 = 0. Suppose 8*f - v = 3*f, r - 67 = 3*f. What is the tens digit of r?
7
Suppose -4*g + 9*g = 2*k + 10, -g + 4 = 0. Suppose -4*s - k*m + 1362 = 0, -3*m + 1358 = 3*s + s. What is the tens digit of s?
3
Let c = -46 + 50. Let o be c*4*1/4. Suppose 5*v - 2*v - 179 = o*s, 5*s - 187 = -4*v. What is the units digit of v?
3
Suppose 20 = 4*k, -7*n + 2*n + 3*k - 15 = 0. Let b be 2 + n + (8 - (8 + -3)). Suppose 0 = b*u - 37 - 23. What is the tens digit of u?
1
Suppose 2*k - 5*l - 381 - 1462 = 0, -k - 2*l + 917 = 0. Suppose -k + 3166 = 7*a. What is the hundreds digit of a?
3
Let m(k) = 46955*k**2 + 146*k - 147. What is the ten thousands digit of m(1)?
4
Let c = -13 + 12. Let s be (((-10)/2)/(-15))/(c/(-6)). Let r(b) = 23*b**3 - 3*b + 3. What is the hundreds digit of r(s)?
1
Let o be ((-433)/(-2) + 6 + -7)*4. Let p = -465 + o. What is the tens digit of p?
9
Let d be (6*3/12)/(-3)*1462. Let v = -187 - d. What is the hundreds digit of v?
5
Let f(g) = 44*g**2 + 109*g - 597. What is the units digit of f(6)?
1
Let w be -3 - (-5)/(5/(-577)). Let q = 1197 + w. Let g = -440 + q. What is the hundreds digit of g?
1
Let p(i) = 190*i**2 + 101*i + 60. What is the thousands digit of p(-11)?
1
Let n(x) = -x - 1. Let y(i) = -5*i - 19. Let g(q) = 4*n(q) - 2*y(q). Let t be (51*10/(-75))/(4/(-10)). What is the units digit of g(t)?
6
Let o(l) = -4*l + 35. Suppose -6 = -4*q + 22. Let i be o(q). What is the tens digit of ((-294)/i)/((-4)/6)?
6
Let j be 7/(1/(0 + 1)). Suppose 0 = j*q + 929 - 10631. What is the tens digit of q?
8
Let p(m) = 6*m**2 + 11*m + 6. Let s be (-1 - (-3)/15)*(-30)/(-6). Let t be p(s). Let h = -13 + t. What is the tens digit of h?
4
Let o(m) = -144*m + 2. Let r be o(-2). Suppose 0 = 7*n + r - 1144. What is the units digit of n?
2
What is the thousands digit of 11146/9 - (-188)/(-423)?
1
Let g(c) = 2*c**3 + c**2 - c. Let k(u) = 9*u**3 - 6*u**2 + 10*u - 7. Let s(l) = 4*g(l) - k(l). What is the tens digit of s(-6)?
6
Suppose -5*p = -2*x + 7, -p + 21 = -4*p - 3*x. Let c be ((-4)/p)/((-8)/(-12)). Suppose 2*z - 187 = c*d - 7*d, -4*d = 2*z - 184. What is the units digit of z?
6
Suppose -323*l + 308*l + 108390 = 0. What is the hundreds digit of l?
2
Suppose 3*q - 22 + 7 = 0. Suppose -3*l + 57 = -4*i, q*i = 4*l + i - 76. What is the units digit of l?
9
Let c(s) = -9*s + 12. Suppose -3*y - 3*r = -0*r - 189, -y - 2*r + 59 = 0. Let x = y + -74. What is the units digit of c(x)?
5
Let i(j) = 5*j**3 - 139*j**2 - 17*j + 145. Let l(p) = p**3 - 28*p**2 - 3*p + 29. Let q(z) = -4*i(z) + 22*l(z). What is the tens digit of q(30)?
1
Suppose 0 = -2*b - 5*l + 21927, -4*b + 327*l + 43846 = 329*l. What is the thousands digit of b?
0
Let r(v) = 3*v - 8. Let u(k) = k**3 + 8*k**2 - 10*k - 5. Let a be u(-9). Let c be r(a). Let h(y) = 3*y**3 - 4*y**2 - 6*y + 5. What is the tens digit of h(c)?
0
Let m = -147 - -147. What is the tens digit of 381 + (-9 - -9) - (m + -4)?
8
Let h(k) = 3*k**3 + k**2 - 33*k - 6. Let y be h(-8). What is the units digit of y/(-16) - 18/(-144)?
6
Let y be (4 + -2 - -2) + -1. Let q be ((-1)/y)/((-3)/36). Suppose -8*g = -q*g - 272. What is the units digit of g?
8
Let x(d) = -5*d - 15. Let c be x(-3). Let z be -8 - -3 - c/(2/2). What is the tens digit of ((-27)/z + -1)/((-3)/(-30))?
4
Let p(s) = -4*s + 26. Let d be (3 + -4)/((-2)/28). Let n be p(d). What is the units digit of (-5)/n 